1 - -5). Suppose 0 = g - 5*p - 137, -q*g + 4*p - j = -746. Is g a prime number?
True
Let v be (0/((-2)/2))/1 - -2. Let h(r) = 2*r + 344 - 9 + 229 + 109 - r**v. Is h(0) composite?
False
Let s(b) = 61*b**2 + 2*b + 2. Let j be s(7). Let i = 15568 - j. Suppose 8*u + 9*u = i. Is u a composite number?
False
Suppose -3*d - 5 + 57 = 5*l, -4*d + 56 = 4*l. Suppose -d*c = -2656 - 1061. Is c prime?
False
Let m be 7*(-7)/((-196)/16). Let b = m + 34. Is (-79*2)/(b/(-19)) composite?
False
Let u(k) = -34792*k - 1565. Is u(-3) prime?
True
Suppose 299 = 8*b - 85. Suppose 0 = -4*h + 4*c - b, 2*h + 0*h + c + 9 = 0. Is h/(168/(-26372)) + 1/6 a prime number?
False
Suppose 19*y - 583059 = -128560. Suppose -4*j + y + 32517 = -2*n, -56453 = -4*j + 5*n. Is j a prime number?
True
Suppose 68*s - 8021233 - 16720984 = -15*s. Is s a prime number?
True
Let h = -191 - -21. Let b = 2643 - h. Is b prime?
False
Suppose 108730 = 2*z + 4*l, -186706 = -7*z + 5*l + 193811. Is z a composite number?
False
Suppose -n - 59 = 5*l + 93, 3*l + 5*n = -100. Let f = l - -30. Is (5305/15 + f)*3 composite?
False
Let a(t) be the third derivative of 11*t**5/6 + t**4/6 - 2*t**3/3 + 110*t**2 + t. Suppose 3*p + 16 = 5*p + 5*i, -4*p + i + 10 = 0. Is a(p) prime?
False
Suppose 260*l - 17253099 = -31*l. Is l a composite number?
True
Suppose 0*v - 2*s = -4*v + 304, 0 = 3*v + 5*s - 228. Let m = v - 74. Suppose -m*b + 4*z + 296 = 2*z, -z = 3*b - 436. Is b a prime number?
False
Suppose n = 828 + 669. Let b = 3094 + n. Is b prime?
True
Is ((-6)/21)/(13/(-182)) - -821179 a composite number?
True
Suppose -3*r - 2522 = 8638. Let b = 7073 + r. Is -1*(4 + -4 - b) a prime number?
False
Suppose 3*r = 4*r + 59. Suppose -2*v = -v + 5*z + 205, -3*z + 669 = -3*v. Let u = r - v. Is u composite?
True
Suppose 0 = 24*t - 22*t - 40646. Suppose -3*y - 5320 = -t. Suppose 0 = 7*n - 13542 - y. Is n prime?
False
Let f(x) = 755*x + 258*x + 85 + 800*x + 55*x. Is f(2) a composite number?
False
Let p(u) be the third derivative of 1035*u**4/2 - 2*u**3/3 + u**2 - 2. Let f be p(2). Suppose 2*b - 14084 = -4*r - 1678, f = 4*b - 4*r. Is b composite?
True
Let x = 32673 - 752. Is x composite?
True
Is (-12)/(-18)*18/21 + 4754325/21 a composite number?
False
Let k(l) = l**3 - 7*l**2 + 5*l + 6. Let r be k(6). Suppose -4*o - 72 = -4*d, r*d - d + 28 = -3*o. Suppose -d*h + 10*h + 75 = 0. Is h composite?
True
Is 38516*495/60 - -14 a composite number?
False
Suppose -741*h + 742*h = -c + 6821, -5*c - 4*h + 34105 = 0. Is c prime?
False
Let x be 8/(-20) - (-60)/25. Suppose 2 = -x*v, 3*v - 17 = -4*w - 0*v. Suppose -1616 = w*p - 5881. Is p a composite number?
False
Is -7 - -12 - 14 - 237224/(-2) composite?
False
Let k be ((-171)/(-6))/(9/6). Is (2 - ((4 - 2) + -1))*k prime?
True
Let f = -51 + 56. Suppose b = -4*t + 970, 0 = -2*b - 3*t + f*t + 1950. Is b a prime number?
False
Let o = -38 - -42. Suppose -2*d - 4820 + 758 = -4*q, o*q = -5*d - 10183. Is ((d/(-10))/(-11))/((-2)/92) prime?
False
Let t = 10472 + -3607. Is t prime?
False
Is 48548 - (-4 + 4 + -1)*1 a prime number?
False
Let q(z) = -z - 4. Let g be q(-6). Suppose -g*w - t = 8, w - 2*t + 18 = t. Is w*6/4*2361/(-9) prime?
False
Is 1845271/(-4)*8*(-13)/26 a prime number?
True
Let p = 11704 - -669. Is p prime?
True
Suppose -162 = -37*d + 10*d. Suppose -d*p + 6134 = -21412. Is p composite?
False
Let g = 75517 - 25808. Is g composite?
True
Let j(a) = -14356*a + 693. Is j(-19) a composite number?
False
Let u = -100 + 104. Suppose 0 = q - 3*c - 934, -2*q = -u*q - c + 1875. Is q composite?
False
Let q(t) = 132*t**2 - 8*t - 9. Suppose -5 = -2*m + k, 20 = 5*k - 5. Is q(m) a prime number?
True
Suppose -2*p + 4*u + 124 = 0, 5*p - 281 - 23 = 4*u. Let l = 58 - p. Is (l/3)/((-1532)/1524 + 1) prime?
True
Let a(j) = -7*j + 7. Let r be a(13). Let h = r + 88. Let v(m) = 9*m**3 - 6*m**2 + m - 3. Is v(h) a prime number?
False
Let w(v) = -139*v + 25. Let o be w(-5). Suppose 0 = -r + 2*l + 141, -r = 4*r + 5*l - o. Let d = r - 74. Is d composite?
True
Let k(n) = -n + 8. Let t be k(4). Suppose -266 = v + 5*y - 767, 3*v + t*y - 1459 = 0. Let o = v + -340. Is o a prime number?
False
Suppose p = 5*f + 4 - 2, -2 = -p - 5*f. Let t = 575 + -570. Suppose 3*h = p*m - 6695, -t*h = -2 + 17. Is m a composite number?
False
Let i(v) = 7*v**3 - 6*v**2 + 55*v - 1099. Is i(31) a composite number?
True
Suppose 7*v - 667528 = -32*v + 52529. Is v a prime number?
False
Suppose -2*s + 6829 = 1497. Let l(v) = v**3 - 3*v**2 - 12*v + 16. Let n be l(5). Is s/n + 10/15 composite?
True
Let u = 387 + -394. Is (u/(-21) + -1)*(-109806)/4 a prime number?
True
Let c(m) = -m**3 - 9*m**2 + 10*m + 6. Let t be c(-10). Let d(l) = 12*l**3 - 8*l**2 - 2. Let s be d(t). Suppose -3*b + b + s = 0. Is b prime?
True
Let f be (-30)/4 - 2/(-4). Let h(y) = 78*y**2 + 22*y + 1. Let n(s) = 10. Let b(c) = h(c) - n(c). Is b(f) a prime number?
True
Let a(d) = 58*d**2 - 3*d + 6. Let w(k) be the first derivative of k**4/4 + 2*k**3/3 - 3*k**2/2 + 3*k - 13. Let j be w(-3). Is a(j) a prime number?
False
Let t(o) = o**2 - 149*o - 53. Is t(-21) composite?
False
Let x(o) = -o**3 - 108*o**2 + 246*o - 114. Is x(-111) composite?
True
Let k = 396 - -1163. Suppose 6*i = k + 7807. Is i a composite number?
True
Let b be ((1 - 0) + -86)*(-140)/50. Suppose -3397 = b*r - 239*r. Is r prime?
False
Is (3242/4)/(69/24242) + (-6)/9 composite?
True
Suppose -5*s + 6*x - 9*x = -1821011, -3*s + x = -1092629. Is s prime?
False
Suppose -3*x - 10 = -4*x. Suppose x - 10 = 3*n. Suppose -4*l + 456 = 2*u + u, n = -3*l - 5*u + 353. Is l composite?
True
Let c be 62940/9 + 5 + (-32)/6. Suppose 0 = r - 2*l - 1151, -2*l - c + 1238 = -5*r. Is r composite?
False
Let u(l) = -5*l - 33 - 15*l + 130*l**2 - 131*l**2. Let h be u(-17). Is ((-13092)/27)/(-4) - 4/h a composite number?
True
Suppose 240 = -4*j - 4*b, 4*j = 4*b - 151 - 81. Suppose 7*k + 16 = 3*k, -4*k + 340 = 2*o. Let w = o + j. Is w composite?
True
Let j be 5 - 3/(-2)*(-16)/12. Suppose 0*b = 4*b - 20. Suppose -718 = b*y - 6*y - 5*n, -2*n = -j*y + 2103. Is y a prime number?
False
Is ((-705906)/15)/((-12)/80) + 3/1 prime?
True
Suppose -35*r - 138*r + 24576492 = 31*r. Is r composite?
False
Let d(j) = 5 + 5 + j - 4 + 10. Let i be d(-15). Let c(g) = 1842*g**2 + g - 2. Is c(i) prime?
False
Let h(k) = -2*k**2 + 12*k - 2. Let t be h(-12). Let n = t + 727. Is n composite?
False
Suppose 0*i - g = -4*i + 51, 4*g = 2*i - 36. Suppose -i*a - 1338 = -15*a. Is a composite?
True
Let r(o) = -11733*o + 10748. Is r(-83) a prime number?
True
Let v(s) = -74*s**3 + 15*s**2 + 4*s - 32*s**2 + 3*s + 4*s**3 + 20*s**2 - 13. Is v(-5) a prime number?
False
Let k(y) = 13*y - 7. Let v be k(3). Suppose -16 = 4*q + v. Is q/3 - 855/(-5) composite?
False
Let o = 94574 - 45843. Is o a composite number?
False
Suppose b + 2*b - 9 = 0, -2*b - 11347 = -p. Let l = -6515 + p. Suppose -l = -5*z + u, -2*z + 1514 = 5*u - 405. Is z composite?
False
Suppose -9 = -3*r + 3*v, 2*r + 34 = 4*r + 5*v. Let t(b) = b**2 - 5*b - 11. Let p be t(r). Is p + 15504/28 - 14/(-49) prime?
True
Let w = -13739 - -31556. Is w prime?
False
Suppose -229*y = -227*y - 4*m - 56940, 85498 = 3*y + 5*m. Is y composite?
True
Suppose -4*f - 20 = 0, 16798 = -0*d + 3*d - 2*f. Is (18/(-36))/((-2)/d) prime?
True
Let y = 747 + -1144. Let s = y - -1178. Is s a prime number?
False
Suppose 4*m + 275 = 255, 118575 = 5*j + 2*m. Is j composite?
True
Is (190797 - -9) + 17 + 8 a prime number?
False
Suppose -15*y + 33 + 42 = 0. Suppose -y*h - 8126 = -2*i, -3*i - h = -3*h - 12211. Is i prime?
True
Is ((-33)/(-6))/(14 + 1129707/(-80694)) a composite number?
True
Suppose 4664*n + 4301157 = 4685*n. Is n a composite number?
True
Suppose -841 = -u + 20784. Let n = u - 10162. Is n a prime number?
False
Let d(n) = 366*n**2 + 5*n + 7. Let y be d(-3). Suppose -y - 2612 = 2*x. Is 1/(((-2)/(-4))/(x/(-6))) a prime number?
True
Suppose -17*m + 96 = -5*m. Suppose -m + 6 = -f. Suppose -t - 2724 = -x, 5*x - 2*x = -f*t + 8157. Is x a composite number?
True
Suppose -3*h + 2*h - 16 = -4*n, -3*n = 2*h - 12. Let u(p) = 3*p - n*p + 108*p**2 - 6 + 12 - 6*p. Is u(4) prime?
False
Suppose 226*t - 2606779 = 219*t. Is t composite?
False
Let o(l) = -1274*l**3 - 17*l**2 + 5*l - 1. Is o(-3) a prime number?
False
Let s = -958187 - -1798144. Is s a composite number?
False
Suppos